{"id":113,"date":"2017-04-15T15:08:03","date_gmt":"2017-04-15T15:08:03","guid":{"rendered":"http:\/\/diktasyon.com.tr\/wordpress\/?page_id=113"},"modified":"2017-11-28T15:54:35","modified_gmt":"2017-11-28T15:54:35","slug":"hakkimizda","status":"publish","type":"page","link":"https:\/\/diktasyon.com.tr\/?page_id=113","title":{"rendered":"Hakk\u0131m\u0131zda"},"content":{"rendered":"<p><img loading=\"lazy\" decoding=\"async\" src=\"http:\/\/diktasyon.com.tr\/wp-content\/uploads\/2017\/11\/showroom-300x225.png\" alt=\"\" width=\"300\" height=\"225\" class=\"alignnone size-medium wp-image-355\" srcset=\"https:\/\/diktasyon.com.tr\/wp-content\/uploads\/2017\/11\/showroom-300x225.png 300w, https:\/\/diktasyon.com.tr\/wp-content\/uploads\/2017\/11\/showroom-768x576.png 768w, https:\/\/diktasyon.com.tr\/wp-content\/uploads\/2017\/11\/showroom-1024x768.png 1024w, https:\/\/diktasyon.com.tr\/wp-content\/uploads\/2017\/11\/showroom.png 1500w\" sizes=\"auto, (max-width: 300px) 100vw, 300px\" \/><br \/>\n<strong>Erdem Elektronik Hakk\u0131nda:<\/strong><br \/>\nFirmam\u0131z, 1994 y\u0131l\u0131nda, end\u00fcstriyel ve sportif ama\u00e7l\u0131 \u00f6zel say\u0131c\u0131lar, skorboardlar \u00fcretmek amac\u0131yla kurulmu\u015ftur. Daha sonra faaliyet alan\u0131na bilgisayar ve \u00e7evre birimleri sat\u0131\u015f\u0131yla teknik servis hizmetlerini de katm\u0131\u015ft\u0131r. 2012 y\u0131l\u0131nda ba\u015flayan Olympus Foto\u011fraf Makinesi ve Ses \u00fcr\u00fcnlerinin aksesuar, yedek par\u00e7a, teknik destek ve dan\u0131\u015fmanl\u0131k hizmetlerini sa\u011flama konusundaki faaliyetlerimiz, &#8220;<strong>Olympus Profesyonel Dikte Sistemleri ve Ses Kay\u0131t Cihazlar\u0131n\u0131n Yetkili \u0130thalat\u00e7\u0131s\u0131<\/strong>\u201d olarak devam etmektedir.<\/p>\n<p>Sat\u0131\u015f ve pazarlama faaliyetlerimizi daha etkin ve verimli bir \u015fekilde ger\u00e7ekle\u015ftirmek i\u00e7in kurdu\u011fumuz <a href=\"http:\/\/www.olympusmarket.com\" target=\"_blank\"><strong>olympusmarket.com<\/strong><\/a> etkin \u015fekilde \u00e7al\u0131\u015fmaya devam etmektedir.<\/p>\n<p><strong>Olympus Hakk\u0131nda:<\/strong><br \/>\nOlympus, medikal teknoloji ve t\u00fcketici elektroni\u011fi alan\u0131nda d\u00fcnyan\u0131n \u00f6nde gelen optik ve dijital \u00fcr\u00fcn \u00fcreticilerinden biridir. 40 y\u0131l\u0131 a\u015fk\u0131n bir s\u00fcredir Olympus, kullan\u0131c\u0131lar\u0131n\u0131n ihtiya\u00e7lar\u0131na g\u00f6re haz\u0131rlanm\u0131\u015f profesyonel ses dok\u00fcmantasyon \u00e7\u00f6z\u00fcmleri \u00fcretmektedir. Kan\u0131tlanm\u0131\u015f mobil ve sabit dikte sistemleri, doktorlar i\u00e7in dijital asistanlar ve sekreterlik personeli i\u00e7in transkripsiyon \u00e7\u00f6z\u00fcmleri d\u00fcnya genelindeki Olympus m\u00fc\u015fterilerinin verimlili\u011fini art\u0131r\u0131yor.<\/p>\n<p><strong>Showroom Adresimiz:<br \/>\n<\/strong>Erdem Elektronik Bilgi \u0130\u015flem Sistemleri San. Tic. Ltd. \u015eti. &#8211;<br \/>\nOsmana\u011fa Mah. \u00c7ilek Sok. Akel \u0130\u015f Merkezi No: 1<br \/>\nK:4 D:68 34714 Kad\u0131k\u00f6y \/ \u0130stanbul<br \/>\nTel: 216-575 86 55<br \/>\nFaks: 216-575 86 70<strong><br \/>\n<\/strong><\/p>\n<p><iframe loading=\"lazy\" style=\"border: 0;\" src=\"https:\/\/www.google.com\/maps\/embed\/v1\/place?key=AIzaSyBZPAFpiyhwHyI6jbw-PwJB3u47eMn3Vvw &amp;q=Osmana%C4%9Fa,+%C3%87ilek+Sk.+No:1,+34714+Kad%C4%B1k%C3%B6y%2F%C4%B0stanbul\" width=\"600\" height=\"450\" frameborder=\"0\" allowfullscreen=\"allowfullscreen\"><br \/>\n<\/iframe><\/p>\n","protected":false},"excerpt":{"rendered":"<p>Erdem Elektronik Hakk\u0131nda: Firmam\u0131z, 1994 y\u0131l\u0131nda, end\u00fcstriyel ve sportif ama\u00e7l\u0131 \u00f6zel say\u0131c\u0131lar, skorboardlar \u00fcretmek amac\u0131yla&#8230;<\/p>\n<div class=\"more-link-wrapper\"><a class=\"more-link\" href=\"https:\/\/diktasyon.com.tr\/?page_id=113\">DETAYLAR<span class=\"screen-reader-text\">Hakk\u0131m\u0131zda<\/span><\/a><\/div>\n","protected":false},"author":2,"featured_media":0,"parent":0,"menu_order":0,"comment_status":"closed","ping_status":"closed","template":"","meta":{"footnotes":""},"class_list":["post-113","page","type-page","status-publish","hentry","excerpt","zoom","full-without-featured","even","excerpt-0"],"aioseo_notices":[],"_links":{"self":[{"href":"https:\/\/diktasyon.com.tr\/index.php?rest_route=\/wp\/v2\/pages\/113","targetHints":{"allow":["GET"]}}],"collection":[{"href":"https:\/\/diktasyon.com.tr\/index.php?rest_route=\/wp\/v2\/pages"}],"about":[{"href":"https:\/\/diktasyon.com.tr\/index.php?rest_route=\/wp\/v2\/types\/page"}],"author":[{"embeddable":true,"href":"https:\/\/diktasyon.com.tr\/index.php?rest_route=\/wp\/v2\/users\/2"}],"replies":[{"embeddable":true,"href":"https:\/\/diktasyon.com.tr\/index.php?rest_route=%2Fwp%2Fv2%2Fcomments&post=113"}],"version-history":[{"count":4,"href":"https:\/\/diktasyon.com.tr\/index.php?rest_route=\/wp\/v2\/pages\/113\/revisions"}],"predecessor-version":[{"id":356,"href":"https:\/\/diktasyon.com.tr\/index.php?rest_route=\/wp\/v2\/pages\/113\/revisions\/356"}],"wp:attachment":[{"href":"https:\/\/diktasyon.com.tr\/index.php?rest_route=%2Fwp%2Fv2%2Fmedia&parent=113"}],"curies":[{"name":"wp","href":"https:\/\/api.w.org\/{rel}","templated":true}]}}