{"id":384,"date":"2018-02-21T13:53:09","date_gmt":"2018-02-21T13:53:09","guid":{"rendered":"http:\/\/diktasyon.com.tr\/?page_id=384"},"modified":"2018-03-09T08:39:06","modified_gmt":"2018-03-09T08:39:06","slug":"nasil-kullanirim","status":"publish","type":"page","link":"https:\/\/diktasyon.com.tr\/?page_id=384","title":{"rendered":"Nas\u0131l Kullan\u0131r\u0131m ?"},"content":{"rendered":"<p><strong><a href=\"#cdkurulum\">B\u00f6l\u00fcm 1: Olympus DSS Player CD&#8217;sinin Kurulumu<\/a><br \/>\n<a href=\"#dr2200pratik\">B\u00f6l\u00fcm 2: DR-2200 Pratik Kullan\u0131m Bilgileri<\/a><br \/>\n<a href=\"#diktekayit\">B\u00f6l\u00fcm3: Diktenin Kaydedilmesi<\/a><br \/>\n<a href=\"#dssarayuz\">B\u00f6l\u00fcm 4: DSS Player Yaz\u0131l\u0131m\u0131n\u0131n Aray\u00fcz\u00fcn\u00fc Tan\u0131yal\u0131m<\/a><br \/>\n<a href=\"#otoaktar\">B\u00f6l\u00fcm 5: Diktelerin Otomatik Bilgisayara Aktar\u0131m\u0131<\/a><br \/>\n<a href=\"#yazar\">B\u00f6l\u00fcm 6: Yazar Kimli\u011fini Ayarlama<\/a><\/strong><\/a><\/p>\n<p id=\"cdkurulum\"><strong>Olympus DSS-Player CD&#8217;sinin Kurulumu<\/strong><\/p>\n<p>\u2022 Kurulumu ba\u015flatmak i\u00e7in CD&#8217;yi tak\u0131n.<br \/>\n\u2022 Dili se\u00e7in ve ard\u0131ndan DSS Player Standart Kurulum&#8217;u se\u00e7in.<br \/>\n\u2022 Sonra \u0130leri&#8217;yi t\u0131klay\u0131n.<br \/>\n<img loading=\"lazy\" decoding=\"async\" class=\"alignnone size-full wp-image-388\" src=\"http:\/\/diktasyon.com.tr\/wp-content\/uploads\/2018\/02\/001.png\" alt=\"\" width=\"499\" height=\"350\" srcset=\"https:\/\/diktasyon.com.tr\/wp-content\/uploads\/2018\/02\/001.png 499w, https:\/\/diktasyon.com.tr\/wp-content\/uploads\/2018\/02\/001-300x210.png 300w\" sizes=\"auto, (max-width: 499px) 100vw, 499px\" \/><br \/>\n<img loading=\"lazy\" decoding=\"async\" class=\"alignnone size-full wp-image-390\" src=\"http:\/\/diktasyon.com.tr\/wp-content\/uploads\/2018\/02\/002.png\" alt=\"\" width=\"459\" height=\"350\" srcset=\"https:\/\/diktasyon.com.tr\/wp-content\/uploads\/2018\/02\/002.png 459w, https:\/\/diktasyon.com.tr\/wp-content\/uploads\/2018\/02\/002-300x229.png 300w\" sizes=\"auto, (max-width: 459px) 100vw, 459px\" \/><br \/>\n\u2022 Lisans s\u00f6zle\u015fmesini onaylay\u0131n ve \u0130leri&#8217;yi t\u0131klay\u0131n.<br \/>\n<img loading=\"lazy\" decoding=\"async\" class=\"alignnone size-full wp-image-391\" src=\"http:\/\/diktasyon.com.tr\/wp-content\/uploads\/2018\/02\/003.png\" alt=\"\" width=\"459\" height=\"350\" srcset=\"https:\/\/diktasyon.com.tr\/wp-content\/uploads\/2018\/02\/003.png 459w, https:\/\/diktasyon.com.tr\/wp-content\/uploads\/2018\/02\/003-300x229.png 300w\" sizes=\"auto, (max-width: 459px) 100vw, 459px\" \/><br \/>\n\u2022 \u015eimdi, CD ile birlikte verilen ye\u015fil bir ka\u011f\u0131t par\u00e7as\u0131 \u00fczerinde bulunan lisans anahtar\u0131n\u0131 girin ve \u0130leri&#8217;yi t\u0131klay\u0131n.<br \/>\n<img loading=\"lazy\" decoding=\"async\" class=\"alignnone size-full wp-image-392\" src=\"http:\/\/diktasyon.com.tr\/wp-content\/uploads\/2018\/02\/004.png\" alt=\"\" width=\"459\" height=\"350\" srcset=\"https:\/\/diktasyon.com.tr\/wp-content\/uploads\/2018\/02\/004.png 459w, https:\/\/diktasyon.com.tr\/wp-content\/uploads\/2018\/02\/004-300x229.png 300w\" sizes=\"auto, (max-width: 459px) 100vw, 459px\" \/><br \/>\n\u2022 Girilen lisans anahtar\u0131na ba\u011fl\u0131 olarak y\u00fckleyece\u011fi yaz\u0131l\u0131m mod\u00fcl\u00fcn\u00fc belirten bu kutu g\u00f6r\u00fcnecektir. Y\u00fcklemeyi ba\u015flatmak i\u00e7in YES\u2019i t\u0131klay\u0131n.<br \/>\n<img loading=\"lazy\" decoding=\"async\" class=\"alignnone size-full wp-image-394\" src=\"http:\/\/diktasyon.com.tr\/wp-content\/uploads\/2018\/02\/005.png\" alt=\"\" width=\"342\" height=\"118\" srcset=\"https:\/\/diktasyon.com.tr\/wp-content\/uploads\/2018\/02\/005.png 342w, https:\/\/diktasyon.com.tr\/wp-content\/uploads\/2018\/02\/005-300x104.png 300w\" sizes=\"auto, (max-width: 342px) 100vw, 342px\" \/><br \/>\n\u2022 L\u00fctfen Hedef Klas\u00f6r\u00fc varsay\u0131lan olarak b\u0131rak\u0131n ve Next\u2019i t\u0131klay\u0131n.<br \/>\n<img loading=\"lazy\" decoding=\"async\" class=\"alignnone size-full wp-image-395\" src=\"http:\/\/diktasyon.com.tr\/wp-content\/uploads\/2018\/02\/006.png\" alt=\"\" width=\"459\" height=\"350\" srcset=\"https:\/\/diktasyon.com.tr\/wp-content\/uploads\/2018\/02\/006.png 459w, https:\/\/diktasyon.com.tr\/wp-content\/uploads\/2018\/02\/006-300x229.png 300w\" sizes=\"auto, (max-width: 459px) 100vw, 459px\" \/><br \/>\n\u2022 \u015eimdi y\u00fcklemeyi ba\u015flatmak i\u00e7in Install&#8217;\u0131 t\u0131klay\u0131n.<br \/>\n\u2022 Y\u00fckleme tamamland\u0131ktan sonra Finish&#8217;e t\u0131klay\u0131n.<\/p>\n<p id=\"dr2200pratik\"><strong>DR-2200 PRAT\u0130K KULLANIM B\u0130LG\u0130LER\u0130<\/strong><\/p>\n<p>Bu b\u00f6l\u00fcm, RecMic kaydedicinizi DSS Player ve ODMS Dikte Mod\u00fcl\u00fc yaz\u0131l\u0131m\u0131yla kullanman\u0131n temellerini atmaktad\u0131r.<\/p>\n<p><strong>Cihaz\u0131 Tan\u0131ma <\/strong><br \/>\n<img loading=\"lazy\" decoding=\"async\" class=\"alignnone size-medium wp-image-397\" src=\"http:\/\/diktasyon.com.tr\/wp-content\/uploads\/2018\/02\/008-300x249.png\" alt=\"\" width=\"652\" height=\"541\" srcset=\"https:\/\/diktasyon.com.tr\/wp-content\/uploads\/2018\/02\/008-300x249.png 300w, https:\/\/diktasyon.com.tr\/wp-content\/uploads\/2018\/02\/008.png 652w\" sizes=\"auto, (max-width: 652px) 100vw, 652px\" \/><br \/>\n<img loading=\"lazy\" decoding=\"async\" class=\"alignnone size-medium wp-image-402\" src=\"http:\/\/diktasyon.com.tr\/wp-content\/uploads\/2018\/02\/009-300x106.png\" alt=\"\" width=\"975\" height=\"343\" srcset=\"https:\/\/diktasyon.com.tr\/wp-content\/uploads\/2018\/02\/009-300x106.png 300w, https:\/\/diktasyon.com.tr\/wp-content\/uploads\/2018\/02\/009-768x270.png 768w, https:\/\/diktasyon.com.tr\/wp-content\/uploads\/2018\/02\/009.png 975w\" sizes=\"auto, (max-width: 975px) 100vw, 975px\" \/><\/p>\n<p id=\"diktekayit\"><strong>D\u0130KTEN\u0130N KAYDED\u0130LMES\u0130<\/strong><\/p>\n<p>\u2022 Olympus yaz\u0131l\u0131m\u0131 a\u00e7\u0131kken, Do\u011frudan Kay\u0131t Penceresini a\u00e7mak i\u00e7in RecMic&#8217;deki &#8220;NEW&#8221; d\u00fc\u011fmesine bas\u0131n.<br \/>\n<img loading=\"lazy\" decoding=\"async\" class=\"alignnone size-medium wp-image-405\" src=\"http:\/\/diktasyon.com.tr\/wp-content\/uploads\/2018\/02\/010-300x93.png\" alt=\"\" width=\"576\" height=\"179\" srcset=\"https:\/\/diktasyon.com.tr\/wp-content\/uploads\/2018\/02\/010-300x93.png 300w, https:\/\/diktasyon.com.tr\/wp-content\/uploads\/2018\/02\/010.png 576w\" sizes=\"auto, (max-width: 576px) 100vw, 576px\" \/><br \/>\n\u2022 Kayd\u0131rma d\u00fc\u011fmesini &#8220;REC&#8221; konumuna getirin ve dikte etmeye ba\u015flay\u0131n.<br \/>\n\u2022 Bir dikteyi duraklatmak i\u00e7in, s\u00fcrg\u00fcy\u00fc &#8220;STOP&#8221; konumuna getirin.<br \/>\n\u2022 Dikte i\u015flemini s\u00fcrd\u00fcrmek i\u00e7in, kayd\u0131rma d\u00fc\u011fmesini tekrar &#8220;REC&#8221; konumuna getirin. Bu, ayn\u0131 dikte ile devam edecektir.<\/p>\n<p><strong>MEVCUT D\u0130KTEN\u0130N \u00dcZER\u0130NE KAYIT<\/strong><br \/>\n\u2022 Kayd\u0131rma d\u00fc\u011fmesini &#8220;REV&#8221; konumuna getirin, bu diktaya geri saracakt\u0131r.<br \/>\n\u2022 Gerekli modu se\u00e7mek i\u00e7in &#8220;INSERT \/ OVER&#8221; d\u00fc\u011fmesine bas\u0131n. \u00dczerine yazmak i\u00e7in \u00fczerine yaz simgesinin g\u00f6r\u00fcnt\u00fclenmesini sa\u011flay\u0131n.<br \/>\n\u2022 \u00dczerine yazmak istedi\u011finiz b\u00f6l\u00fcm\u00fcn ba\u015f\u0131na geldi\u011finizde, kayd\u0131rma d\u00fc\u011fmesini &#8220;REC&#8221; konumuna getirin.<br \/>\n<img loading=\"lazy\" decoding=\"async\" class=\"alignnone size-full wp-image-408\" src=\"http:\/\/diktasyon.com.tr\/wp-content\/uploads\/2018\/02\/011.png\" alt=\"\" width=\"576\" height=\"179\" srcset=\"https:\/\/diktasyon.com.tr\/wp-content\/uploads\/2018\/02\/011.png 576w, https:\/\/diktasyon.com.tr\/wp-content\/uploads\/2018\/02\/011-300x93.png 300w\" sizes=\"auto, (max-width: 576px) 100vw, 576px\" \/><\/p>\n<p><strong>MEVCUT D\u0130KTEYE EKLEME YAPMA<\/strong><br \/>\n\u2022 Kayd\u0131rma d\u00fc\u011fmesini &#8220;REV&#8221; konumuna getirin, bu diktaya geri saracakt\u0131r.<br \/>\n\u2022 Gerekli modu se\u00e7mek i\u00e7in &#8220;INSERT \/ OVER&#8221; d\u00fc\u011fmesine bas\u0131n. Dikte ek kay\u0131tlar eklemek i\u00e7in, ek simgesinin g\u00f6sterildi\u011finden emin olun.<br \/>\n<img loading=\"lazy\" decoding=\"async\" class=\"alignnone size-full wp-image-410\" src=\"http:\/\/diktasyon.com.tr\/wp-content\/uploads\/2018\/02\/012.png\" alt=\"\" width=\"576\" height=\"179\" srcset=\"https:\/\/diktasyon.com.tr\/wp-content\/uploads\/2018\/02\/012.png 576w, https:\/\/diktasyon.com.tr\/wp-content\/uploads\/2018\/02\/012-300x93.png 300w\" sizes=\"auto, (max-width: 576px) 100vw, 576px\" \/><br \/>\n\u2022 Eklemeye ba\u015flamak istedi\u011finiz b\u00f6l\u00fcm\u00fcn ba\u015f\u0131na geldi\u011finizde, kayd\u0131rma anahtar\u0131n\u0131 &#8220;REC&#8221; konumuna getirin.<\/p>\n<p><strong>MEVCUT D\u0130KTEN\u0130N B\u0130R B\u00d6L\u00dcM\u00dcN\u00dcN S\u0130L\u0130NMES\u0130<\/strong><br \/>\n\u2022 Kay\u0131t s\u00fcresi \u00e7ubu\u011funu, dosyay\u0131 silmek istedi\u011finiz ba\u015flang\u0131\u00e7 noktas\u0131na kayd\u0131r\u0131n ve K\u0131smi silmeyi ba\u015flat&#8217;\u0131 t\u0131klay\u0131n.<br \/>\n<img loading=\"lazy\" decoding=\"async\" class=\"alignnone size-full wp-image-412\" src=\"http:\/\/diktasyon.com.tr\/wp-content\/uploads\/2018\/02\/013.png\" alt=\"\" width=\"576\" height=\"179\" srcset=\"https:\/\/diktasyon.com.tr\/wp-content\/uploads\/2018\/02\/013.png 576w, https:\/\/diktasyon.com.tr\/wp-content\/uploads\/2018\/02\/013-300x93.png 300w\" sizes=\"auto, (max-width: 576px) 100vw, 576px\" \/><br \/>\n\u2022 Sonraki slayt kay\u0131t s\u00fcresi \u00e7ubu\u011funu dosyay\u0131 silmek istedi\u011finiz son noktaya gidin ve ard\u0131ndan k\u0131smi silme i\u015flemini t\u0131klay\u0131n<br \/>\n<img loading=\"lazy\" decoding=\"async\" class=\"alignnone size-full wp-image-413\" src=\"http:\/\/diktasyon.com.tr\/wp-content\/uploads\/2018\/02\/014.png\" alt=\"\" width=\"576\" height=\"179\" srcset=\"https:\/\/diktasyon.com.tr\/wp-content\/uploads\/2018\/02\/014.png 576w, https:\/\/diktasyon.com.tr\/wp-content\/uploads\/2018\/02\/014-300x93.png 300w\" sizes=\"auto, (max-width: 576px) 100vw, 576px\" \/><br \/>\n\u2022 Devam etmek i\u00e7in k\u0131smi silme i\u015flemini onaylaman\u0131z istenecektir veya k\u0131smi silme i\u015fleminden \u00e7\u0131kmak i\u00e7in Cancel d\u00fc\u011fmesine t\u0131klay\u0131n.<br \/>\n<img loading=\"lazy\" decoding=\"async\" class=\"alignnone size-full wp-image-422\" src=\"http:\/\/diktasyon.com.tr\/wp-content\/uploads\/2018\/02\/015.png\" alt=\"\" width=\"353\" height=\"173\" srcset=\"https:\/\/diktasyon.com.tr\/wp-content\/uploads\/2018\/02\/015.png 353w, https:\/\/diktasyon.com.tr\/wp-content\/uploads\/2018\/02\/015-300x147.png 300w\" sizes=\"auto, (max-width: 353px) 100vw, 353px\" \/><br \/>\n<strong>B\u0130R D\u0130KTEN\u0130N SONLANDIRILMASI<\/strong><br \/>\nDikte i\u015fini bitirmek isterseniz <strong>Finished, Pending veya Cancel<\/strong> se\u00e7eneklerinden birini se\u00e7in.<br \/>\n<img loading=\"lazy\" decoding=\"async\" class=\"alignnone size-full wp-image-424\" src=\"http:\/\/diktasyon.com.tr\/wp-content\/uploads\/2018\/02\/016.png\" alt=\"\" width=\"576\" height=\"179\" srcset=\"https:\/\/diktasyon.com.tr\/wp-content\/uploads\/2018\/02\/016.png 576w, https:\/\/diktasyon.com.tr\/wp-content\/uploads\/2018\/02\/016-300x93.png 300w\" sizes=\"auto, (max-width: 576px) 100vw, 576px\" \/><br \/>\n\u2022 Kay\u0131t i\u015flemini tamamlad\u0131ysan\u0131z Finished d\u00fc\u011fmesini t\u0131klat\u0131rsan\u0131z, bu dosyay\u0131 adland\u0131rman\u0131z\u0131 ve kayd\u0131 kaydetmek i\u00e7in bir klas\u00f6r se\u00e7menizi ister.<br \/>\n\u2022 Daha sonra kaydetmeye devam etmek isterseniz Pending t\u0131klay\u0131n ve bu, dosyay\u0131 tekrar d\u00f6nmeniz i\u00e7in kay\u0131t klas\u00f6r\u00fcne kaydeder.<br \/>\n\u2022 Kayd\u0131 bitirmek isterseniz Cancel t\u0131klay\u0131n; dosyay\u0131 kaydetmek isteyip istemedi\u011finiz sorulur.<br \/>\no Kaydet&#8217;i t\u0131klarsan\u0131z, Finished veya Pending se\u00e7ene\u011fini se\u00e7meniz ve dosyay\u0131 buna g\u00f6re kaydetmeniz istenir.<br \/>\no \u0130ptal d\u00fc\u011fmesine t\u0131klarsan\u0131z kay\u0131t silinecektir.<\/p>\n<p id=\"dssarayuz\"><strong>DSS PLAYER YAZILIMI ARAY\u00dcZ\u00dc YAKINDAN TANIYALIM<\/strong><\/p>\n<p><img loading=\"lazy\" decoding=\"async\" class=\"alignnone size-full wp-image-425\" src=\"http:\/\/diktasyon.com.tr\/wp-content\/uploads\/2018\/02\/017.png\" alt=\"\" width=\"1054\" height=\"630\" srcset=\"https:\/\/diktasyon.com.tr\/wp-content\/uploads\/2018\/02\/017.png 1054w, https:\/\/diktasyon.com.tr\/wp-content\/uploads\/2018\/02\/017-300x179.png 300w, https:\/\/diktasyon.com.tr\/wp-content\/uploads\/2018\/02\/017-768x459.png 768w, https:\/\/diktasyon.com.tr\/wp-content\/uploads\/2018\/02\/017-1024x612.png 1024w\" sizes=\"auto, (max-width: 1054px) 100vw, 1054px\" \/><br \/>\n<strong>GENEL BAKI\u015e<\/strong><\/p>\n<p><strong>\u0130\u00c7\u0130NDEK\u0130LER<\/strong><br \/>\n<strong>1. A\u00e7\u0131l\u0131r Men\u00fcler<br \/>\n2. Ara\u00e7 \u00e7ubuklar\u0131<br \/>\n3. Oynatma Kontrol Paneli<br \/>\n4. Dikte A\u011fac\u0131<br \/>\n5. \u0130\u00e7erik Listesi G\u00f6r\u00fcn\u00fcm\u00fc<br \/>\n6. Ayg\u0131t Y\u00f6neticisi<\/strong><\/p>\n<p><strong>\u0130\u00c7\u0130NDEK\u0130LER<br \/>\nFILE MEN\u00dcS\u00dc<\/strong><br \/>\n<img loading=\"lazy\" decoding=\"async\" class=\"alignnone size-full wp-image-427\" src=\"http:\/\/diktasyon.com.tr\/wp-content\/uploads\/2018\/02\/018.png\" alt=\"\" width=\"243\" height=\"220\" \/><br \/>\n<img loading=\"lazy\" decoding=\"async\" class=\"alignnone size-full wp-image-430\" src=\"http:\/\/diktasyon.com.tr\/wp-content\/uploads\/2018\/02\/019-1.png\" alt=\"\" width=\"580\" height=\"325\" srcset=\"https:\/\/diktasyon.com.tr\/wp-content\/uploads\/2018\/02\/019-1.png 580w, https:\/\/diktasyon.com.tr\/wp-content\/uploads\/2018\/02\/019-1-300x168.png 300w\" sizes=\"auto, (max-width: 580px) 100vw, 580px\" \/><br \/>\n<strong>FOLDER MEN\u00dcS\u00dc<\/strong><br \/>\n<img loading=\"lazy\" decoding=\"async\" class=\"alignnone size-full wp-image-432\" src=\"http:\/\/diktasyon.com.tr\/wp-content\/uploads\/2018\/02\/020.png\" alt=\"\" width=\"162\" height=\"136\" \/><br \/>\n<img loading=\"lazy\" decoding=\"async\" class=\"alignnone size-full wp-image-433\" src=\"http:\/\/diktasyon.com.tr\/wp-content\/uploads\/2018\/02\/021.png\" alt=\"\" width=\"580\" height=\"189\" \/><br \/>\n<strong>EDIT MEN\u00dcS\u00dc<\/strong><br \/>\n<img loading=\"lazy\" decoding=\"async\" class=\"alignnone size-full wp-image-436\" src=\"http:\/\/diktasyon.com.tr\/wp-content\/uploads\/2018\/02\/022.png\" alt=\"\" width=\"164\" height=\"188\" \/><br \/>\n<img loading=\"lazy\" decoding=\"async\" class=\"alignnone size-full wp-image-437\" src=\"http:\/\/diktasyon.com.tr\/wp-content\/uploads\/2018\/02\/023.png\" alt=\"\" width=\"580\" height=\"271\" srcset=\"https:\/\/diktasyon.com.tr\/wp-content\/uploads\/2018\/02\/023.png 580w, https:\/\/diktasyon.com.tr\/wp-content\/uploads\/2018\/02\/023-300x140.png 300w\" sizes=\"auto, (max-width: 580px) 100vw, 580px\" \/><br \/>\n<strong>VIEW MEN\u00dcS\u00dc<\/strong><br \/>\n<img loading=\"lazy\" decoding=\"async\" class=\"alignnone size-full wp-image-440\" src=\"http:\/\/diktasyon.com.tr\/wp-content\/uploads\/2018\/02\/024.png\" alt=\"\" width=\"251\" height=\"234\" \/><br \/>\n<img loading=\"lazy\" decoding=\"async\" class=\"alignnone size-full wp-image-441\" src=\"http:\/\/diktasyon.com.tr\/wp-content\/uploads\/2018\/02\/025.png\" alt=\"\" width=\"580\" height=\"557\" srcset=\"https:\/\/diktasyon.com.tr\/wp-content\/uploads\/2018\/02\/025.png 580w, https:\/\/diktasyon.com.tr\/wp-content\/uploads\/2018\/02\/025-300x288.png 300w\" sizes=\"auto, (max-width: 580px) 100vw, 580px\" \/><br \/>\n<strong>PLAY MEN\u00dcS\u00dc<\/strong><br \/>\n<img loading=\"lazy\" decoding=\"async\" class=\"alignnone size-full wp-image-443\" src=\"http:\/\/diktasyon.com.tr\/wp-content\/uploads\/2018\/02\/026.png\" alt=\"\" width=\"270\" height=\"331\" srcset=\"https:\/\/diktasyon.com.tr\/wp-content\/uploads\/2018\/02\/026.png 270w, https:\/\/diktasyon.com.tr\/wp-content\/uploads\/2018\/02\/026-245x300.png 245w\" sizes=\"auto, (max-width: 270px) 100vw, 270px\" \/><br \/>\n<img loading=\"lazy\" decoding=\"async\" class=\"alignnone size-full wp-image-444\" src=\"http:\/\/diktasyon.com.tr\/wp-content\/uploads\/2018\/02\/027.png\" alt=\"\" width=\"580\" height=\"434\" srcset=\"https:\/\/diktasyon.com.tr\/wp-content\/uploads\/2018\/02\/027.png 580w, https:\/\/diktasyon.com.tr\/wp-content\/uploads\/2018\/02\/027-300x224.png 300w\" sizes=\"auto, (max-width: 580px) 100vw, 580px\" \/><br \/>\n<strong>TOOLS MEN\u00dcS\u00dc<\/strong><br \/>\n<img loading=\"lazy\" decoding=\"async\" class=\"alignnone size-full wp-image-447\" src=\"http:\/\/diktasyon.com.tr\/wp-content\/uploads\/2018\/02\/028.png\" alt=\"\" width=\"187\" height=\"153\" \/><br \/>\n<img loading=\"lazy\" decoding=\"async\" class=\"alignnone size-full wp-image-448\" src=\"http:\/\/diktasyon.com.tr\/wp-content\/uploads\/2018\/02\/029.png\" alt=\"\" width=\"580\" height=\"307\" srcset=\"https:\/\/diktasyon.com.tr\/wp-content\/uploads\/2018\/02\/029.png 580w, https:\/\/diktasyon.com.tr\/wp-content\/uploads\/2018\/02\/029-300x159.png 300w\" sizes=\"auto, (max-width: 580px) 100vw, 580px\" \/><br \/>\n<strong>DEVICE MEN\u00dcS\u00dc<\/strong><br \/>\n<img loading=\"lazy\" decoding=\"async\" class=\"alignnone size-full wp-image-449\" src=\"http:\/\/diktasyon.com.tr\/wp-content\/uploads\/2018\/02\/030.png\" alt=\"\" width=\"210\" height=\"322\" srcset=\"https:\/\/diktasyon.com.tr\/wp-content\/uploads\/2018\/02\/030.png 210w, https:\/\/diktasyon.com.tr\/wp-content\/uploads\/2018\/02\/030-196x300.png 196w\" sizes=\"auto, (max-width: 210px) 100vw, 210px\" \/><br \/>\n<img loading=\"lazy\" decoding=\"async\" class=\"alignnone size-full wp-image-450\" src=\"http:\/\/diktasyon.com.tr\/wp-content\/uploads\/2018\/02\/031.png\" alt=\"\" width=\"580\" height=\"446\" srcset=\"https:\/\/diktasyon.com.tr\/wp-content\/uploads\/2018\/02\/031.png 580w, https:\/\/diktasyon.com.tr\/wp-content\/uploads\/2018\/02\/031-300x231.png 300w\" sizes=\"auto, (max-width: 580px) 100vw, 580px\" \/><br \/>\n<strong>YARDIM MEN\u00dcS\u00dc<\/strong><br \/>\n<img loading=\"lazy\" decoding=\"async\" class=\"alignnone size-full wp-image-451\" src=\"http:\/\/diktasyon.com.tr\/wp-content\/uploads\/2018\/02\/032.png\" alt=\"\" width=\"580\" height=\"211\" srcset=\"https:\/\/diktasyon.com.tr\/wp-content\/uploads\/2018\/02\/032.png 580w, https:\/\/diktasyon.com.tr\/wp-content\/uploads\/2018\/02\/032-300x109.png 300w\" sizes=\"auto, (max-width: 580px) 100vw, 580px\" \/><\/p>\n<p id=\"otoaktar\"><strong>D\u0130KTELER\u0130N OTOMAT\u0130K B\u0130LG\u0130SAYARA AKTARIMI<\/strong><\/p>\n<p>Bu b\u00f6l\u00fcm, dosyalar\u0131 kay\u0131t cihaz\u0131ndan yaz\u0131l\u0131m\u0131 i\u00e7ine otomatik olarak indirmek i\u00e7in DSS Player Standart yaz\u0131l\u0131m\u0131n\u0131n nas\u0131l yap\u0131land\u0131r\u0131laca\u011f\u0131n\u0131 a\u00e7\u0131klar.<br \/>\n\u2022 Tools &gt; Options &gt; Folder Design b\u00f6l\u00fcm\u00fcne gidin<br \/>\n\u2022 Listeden Download Tray se\u00e7in ve Auto Download (Otomatik \u0130ndirme) a\u00e7\u0131l\u0131r kutusunu t\u0131klay\u0131n.<br \/>\no Not: Download Tray se\u00e7mek, ayarlar\u0131 otomatik olarak Klas\u00f6rler A-G&#8217;ye uygular. Bu, her klas\u00f6r i\u00e7in ayar\u0131 yap\u0131land\u0131rma s\u00fcresinden tasarruf edebilir.<br \/>\n\u2022 YES&#8217;i se\u00e7in.<br \/>\n<img loading=\"lazy\" decoding=\"async\" class=\"alignnone size-full wp-image-452\" src=\"http:\/\/diktasyon.com.tr\/wp-content\/uploads\/2018\/02\/033.png\" alt=\"\" width=\"625\" height=\"464\" srcset=\"https:\/\/diktasyon.com.tr\/wp-content\/uploads\/2018\/02\/033.png 625w, https:\/\/diktasyon.com.tr\/wp-content\/uploads\/2018\/02\/033-300x223.png 300w\" sizes=\"auto, (max-width: 625px) 100vw, 625px\" \/><br \/>\n\u2022 Apply\/OK tu\u015funa t\u0131klay\u0131n.<br \/>\nDikte \u015fimdi dikte dosyas\u0131n\u0131n hangi klas\u00f6re kaydedildi\u011fine ba\u011fl\u0131 olarak ilgili klas\u00f6rlere indirilecek.<br \/>\nNot: \u0130ndirme Tepsisini se\u00e7mek, ayarlar\u0131 otomatik olarak Klas\u00f6rler A-G&#8217;ye uygular. Bu, her klas\u00f6r i\u00e7in ayar\u0131 yap\u0131land\u0131rma s\u00fcresinden tasarruf edebilir.<\/p>\n<p id=\"yazar\"><strong>KONU\u015eMACI (YAZAR K\u0130ML\u0130\u011e\u0130N\u0130) AYARLAMA<\/strong><\/p>\n<p>Bu yaz\u0131da, Dikte Mod\u00fcl\u00fc&#8217;nde bir Yazar Kimli\u011fini yap\u0131land\u0131rma i\u015flemi anlat\u0131lmaktad\u0131r..<br \/>\n\u2022 S\u0131ras\u0131yla \u015fu ba\u011flant\u0131lar\u0131 se\u00e7in Tools -&gt; Options -&gt; Device<br \/>\n\u2022 Author ID kutusuna yazar\u0131n ad\u0131n\u0131 yaz\u0131n<br \/>\n<img loading=\"lazy\" decoding=\"async\" class=\"alignnone size-full wp-image-453\" src=\"http:\/\/diktasyon.com.tr\/wp-content\/uploads\/2018\/02\/034.png\" alt=\"\" width=\"625\" height=\"464\" srcset=\"https:\/\/diktasyon.com.tr\/wp-content\/uploads\/2018\/02\/034.png 625w, https:\/\/diktasyon.com.tr\/wp-content\/uploads\/2018\/02\/034-300x223.png 300w\" sizes=\"auto, (max-width: 625px) 100vw, 625px\" \/><br \/>\n\u2022 Update -&gt; Only this page se\u00e7in.<br \/>\n\u2022 Ayg\u0131t g\u00fcncelleme isteminde OK t\u0131klay\u0131n.<\/p>\n","protected":false},"excerpt":{"rendered":"<p>B\u00f6l\u00fcm 1: Olympus DSS Player CD&#8217;sinin Kurulumu B\u00f6l\u00fcm 2: DR-2200 Pratik Kullan\u0131m Bilgileri B\u00f6l\u00fcm3: Diktenin&#8230;<\/p>\n<div class=\"more-link-wrapper\"><a class=\"more-link\" href=\"https:\/\/diktasyon.com.tr\/?page_id=384\">DETAYLAR<span class=\"screen-reader-text\">Nas\u0131l Kullan\u0131r\u0131m ?<\/span><\/a><\/div>\n","protected":false},"author":1,"featured_media":0,"parent":0,"menu_order":0,"comment_status":"closed","ping_status":"closed","template":"","meta":{"footnotes":""},"class_list":["post-384","page","type-page","status-publish","hentry","excerpt","zoom","full-without-featured","even","excerpt-0"],"aioseo_notices":[],"_links":{"self":[{"href":"https:\/\/diktasyon.com.tr\/index.php?rest_route=\/wp\/v2\/pages\/384","targetHints":{"allow":["GET"]}}],"collection":[{"href":"https:\/\/diktasyon.com.tr\/index.php?rest_route=\/wp\/v2\/pages"}],"about":[{"href":"https:\/\/diktasyon.com.tr\/index.php?rest_route=\/wp\/v2\/types\/page"}],"author":[{"embeddable":true,"href":"https:\/\/diktasyon.com.tr\/index.php?rest_route=\/wp\/v2\/users\/1"}],"replies":[{"embeddable":true,"href":"https:\/\/diktasyon.com.tr\/index.php?rest_route=%2Fwp%2Fv2%2Fcomments&post=384"}],"version-history":[{"count":42,"href":"https:\/\/diktasyon.com.tr\/index.php?rest_route=\/wp\/v2\/pages\/384\/revisions"}],"predecessor-version":[{"id":482,"href":"https:\/\/diktasyon.com.tr\/index.php?rest_route=\/wp\/v2\/pages\/384\/revisions\/482"}],"wp:attachment":[{"href":"https:\/\/diktasyon.com.tr\/index.php?rest_route=%2Fwp%2Fv2%2Fmedia&parent=384"}],"curies":[{"name":"wp","href":"https:\/\/api.w.org\/{rel}","templated":true}]}}